{"id":1288,"date":"2025-07-06T04:47:57","date_gmt":"2025-07-06T07:47:57","guid":{"rendered":"https:\/\/itucomponentes.com.br\/?page_id=1288"},"modified":"2025-07-06T04:50:43","modified_gmt":"2025-07-06T07:50:43","slug":"itu-0303","status":"publish","type":"page","link":"https:\/\/itucomponentes.com.br\/index.php\/maquinas\/itu-0303\/","title":{"rendered":"ITU-0303"},"content":{"rendered":"\t\t<div data-elementor-type=\"wp-page\" data-elementor-id=\"1288\" class=\"elementor elementor-1288\">\n\t\t\t\t\t\t\t<div class=\"elementor-element elementor-element-37bf3fa e-flex e-con-boxed e-con e-parent\" data-id=\"37bf3fa\" data-element_type=\"container\" data-settings=\"{&quot;content_width&quot;:&quot;boxed&quot;}\" data-core-v316-plus=\"true\">\n\t\t\t\t\t<div class=\"e-con-inner\">\n\t\t\t\t<div class=\"elementor-element elementor-element-df38397 elementor-widget elementor-widget-heading\" data-id=\"df38397\" data-element_type=\"widget\" data-widget_type=\"heading.default\">\n\t\t\t\t<div class=\"elementor-widget-container\">\n\t\t\t<style>\/*! elementor - v3.18.0 - 20-12-2023 *\/\n.elementor-heading-title{padding:0;margin:0;line-height:1}.elementor-widget-heading .elementor-heading-title[class*=elementor-size-]>a{color:inherit;font-size:inherit;line-height:inherit}.elementor-widget-heading .elementor-heading-title.elementor-size-small{font-size:15px}.elementor-widget-heading .elementor-heading-title.elementor-size-medium{font-size:19px}.elementor-widget-heading .elementor-heading-title.elementor-size-large{font-size:29px}.elementor-widget-heading .elementor-heading-title.elementor-size-xl{font-size:39px}.elementor-widget-heading .elementor-heading-title.elementor-size-xxl{font-size:59px}<\/style><h2 class=\"elementor-heading-title elementor-size-default\">Descri\u00e7\u00e3o t\u00e9cnica<\/h2>\t\t<\/div>\n\t\t\t\t<\/div>\n\t\t\t\t\t<\/div>\n\t\t\t\t<\/div>\n\t\t<div class=\"elementor-element elementor-element-64e4cb1 e-flex e-con-boxed e-con e-parent\" data-id=\"64e4cb1\" data-element_type=\"container\" data-settings=\"{&quot;content_width&quot;:&quot;boxed&quot;}\" data-core-v316-plus=\"true\">\n\t\t\t\t\t<div class=\"e-con-inner\">\n\t\t\t\t<div class=\"elementor-element elementor-element-d6c4ca6 elementor-widget elementor-widget-image\" data-id=\"d6c4ca6\" data-element_type=\"widget\" data-widget_type=\"image.default\">\n\t\t\t\t<div class=\"elementor-widget-container\">\n\t\t\t<style>\/*! elementor - v3.18.0 - 20-12-2023 *\/\n.elementor-widget-image{text-align:center}.elementor-widget-image a{display:inline-block}.elementor-widget-image a img[src$=\".svg\"]{width:48px}.elementor-widget-image img{vertical-align:middle;display:inline-block}<\/style>\t\t\t\t\t\t\t\t\t\t\t\t<img fetchpriority=\"high\" decoding=\"async\" width=\"1024\" height=\"659\" src=\"https:\/\/itucomponentes.com.br\/wp-content\/uploads\/2025\/07\/Screenshot-2025-07-06-at-09.48.30-1024x659.png\" class=\"attachment-large size-large wp-image-1290\" alt=\"\" srcset=\"https:\/\/itucomponentes.com.br\/wp-content\/uploads\/2025\/07\/Screenshot-2025-07-06-at-09.48.30-1024x659.png 1024w, https:\/\/itucomponentes.com.br\/wp-content\/uploads\/2025\/07\/Screenshot-2025-07-06-at-09.48.30-300x193.png 300w, https:\/\/itucomponentes.com.br\/wp-content\/uploads\/2025\/07\/Screenshot-2025-07-06-at-09.48.30-768x494.png 768w, https:\/\/itucomponentes.com.br\/wp-content\/uploads\/2025\/07\/Screenshot-2025-07-06-at-09.48.30-1536x988.png 1536w, https:\/\/itucomponentes.com.br\/wp-content\/uploads\/2025\/07\/Screenshot-2025-07-06-at-09.48.30-600x386.png 600w, https:\/\/itucomponentes.com.br\/wp-content\/uploads\/2025\/07\/Screenshot-2025-07-06-at-09.48.30.png 1744w\" sizes=\"(max-width: 1024px) 100vw, 1024px\" \/>\t\t\t\t\t\t\t\t\t\t\t\t\t\t\t<\/div>\n\t\t\t\t<\/div>\n\t\t\t\t<div class=\"elementor-element elementor-element-616120d elementor-widget elementor-widget-image\" data-id=\"616120d\" data-element_type=\"widget\" data-widget_type=\"image.default\">\n\t\t\t\t<div class=\"elementor-widget-container\">\n\t\t\t\t\t\t\t\t\t\t\t\t\t\t\t<img decoding=\"async\" width=\"1024\" height=\"705\" src=\"https:\/\/itucomponentes.com.br\/wp-content\/uploads\/2025\/07\/Screenshot-2025-07-06-at-09.48.44-1024x705.png\" class=\"attachment-large size-large wp-image-1292\" alt=\"\" srcset=\"https:\/\/itucomponentes.com.br\/wp-content\/uploads\/2025\/07\/Screenshot-2025-07-06-at-09.48.44-1024x705.png 1024w, https:\/\/itucomponentes.com.br\/wp-content\/uploads\/2025\/07\/Screenshot-2025-07-06-at-09.48.44-300x207.png 300w, https:\/\/itucomponentes.com.br\/wp-content\/uploads\/2025\/07\/Screenshot-2025-07-06-at-09.48.44-768x529.png 768w, https:\/\/itucomponentes.com.br\/wp-content\/uploads\/2025\/07\/Screenshot-2025-07-06-at-09.48.44-1536x1058.png 1536w, https:\/\/itucomponentes.com.br\/wp-content\/uploads\/2025\/07\/Screenshot-2025-07-06-at-09.48.44-2048x1410.png 2048w, https:\/\/itucomponentes.com.br\/wp-content\/uploads\/2025\/07\/Screenshot-2025-07-06-at-09.48.44-600x413.png 600w\" sizes=\"(max-width: 1024px) 100vw, 1024px\" \/>\t\t\t\t\t\t\t\t\t\t\t\t\t\t\t<\/div>\n\t\t\t\t<\/div>\n\t\t\t\t\t<\/div>\n\t\t\t\t<\/div>\n\t\t\t\t\t\t\t<\/div>\n\t\t","protected":false},"excerpt":{"rendered":"<p>Descri\u00e7\u00e3o t\u00e9cnica<\/p>\n","protected":false},"author":1,"featured_media":0,"parent":1055,"menu_order":10,"comment_status":"closed","ping_status":"closed","template":"","meta":{"_monsterinsights_skip_tracking":false,"_monsterinsights_sitenote_active":false,"_monsterinsights_sitenote_note":"","_monsterinsights_sitenote_category":0,"footnotes":""},"blocksy_meta":[],"aioseo_notices":[],"_links":{"self":[{"href":"https:\/\/itucomponentes.com.br\/index.php\/wp-json\/wp\/v2\/pages\/1288"}],"collection":[{"href":"https:\/\/itucomponentes.com.br\/index.php\/wp-json\/wp\/v2\/pages"}],"about":[{"href":"https:\/\/itucomponentes.com.br\/index.php\/wp-json\/wp\/v2\/types\/page"}],"author":[{"embeddable":true,"href":"https:\/\/itucomponentes.com.br\/index.php\/wp-json\/wp\/v2\/users\/1"}],"replies":[{"embeddable":true,"href":"https:\/\/itucomponentes.com.br\/index.php\/wp-json\/wp\/v2\/comments?post=1288"}],"version-history":[{"count":10,"href":"https:\/\/itucomponentes.com.br\/index.php\/wp-json\/wp\/v2\/pages\/1288\/revisions"}],"predecessor-version":[{"id":1301,"href":"https:\/\/itucomponentes.com.br\/index.php\/wp-json\/wp\/v2\/pages\/1288\/revisions\/1301"}],"up":[{"embeddable":true,"href":"https:\/\/itucomponentes.com.br\/index.php\/wp-json\/wp\/v2\/pages\/1055"}],"wp:attachment":[{"href":"https:\/\/itucomponentes.com.br\/index.php\/wp-json\/wp\/v2\/media?parent=1288"}],"curies":[{"name":"wp","href":"https:\/\/api.w.org\/{rel}","templated":true}]}}